*y - 9 = j + 2. Let a(o) = 4*o + o + o**2 + o + 1. Determine a(y).
-4
Let h(r) = r**2 + 2*r - 4. Let p be ((-13)/39)/((-2)/(-18)). Determine h(p).
-1
Let h(w) be the third derivative of w**8/6720 - w**7/420 + w**6/720 + w**5/30 - w**4/12 - 5*w**2. Let d(z) be the second derivative of h(z). Determine d(6).
10
Suppose -8 = 3*h + 2*j, 0 = 5*j - 3 - 7. Let x(u) be the first derivative of u**4/4 + 4*u**3/3 - u**2 - 3*u + 137. Calculate x(h).
5
Let i(z) = 5*z**2 + z**3 - z - z - 2 + z. Let s be 3/(3 + (-33)/10). Let l = -15 - s. Give i(l).
3
Suppose i = -4*z - 16, -4*z - 10 = 2*i + 6. Let w(q) = -q**2 - 3*q - 6. Let a(g) = -g**2 - 2*g - 7. Let s(d) = -4*a(d) + 3*w(d). Give s(i).
10
Let g(o) = o**2 - 6*o. Suppose -4*b = -3*j + 13, -4*j - 5*b = -2*j - 1. What is g(j)?
-9
Let w(d) be the second derivative of d**3/2 - 2*d. Let v(x) = -11*x - 3. Let q(b) = -5*b - 1. Let u(n) = 9*q(n) - 4*v(n). Let l be u(4). Determine w(l).
-3
Let i be (-3)/(6/(-14)) - 1. Let q(f) = -19 - 10*f + 6 + 8 + 4*f + f**2. Determine q(i).
-5
Let p = -60 + 62. Let m(l) = 2*l**2 - 1. What is m(p)?
7
Let z(m) = -m**2 - 6*m - 1. Suppose -5 - 10 = -5*w. Let n = -1 - -5. Suppose 24 = -n*y + 4*s, -2*s + 12 = -w*y - 5*s. Determine z(y).
4
Let f(v) be the second derivative of v**4/12 + 5*v**3/6 + v**2 - 5*v. Let m(h) = h + 1. Let w be m(-5). Calculate f(w).
-2
Let s(m) = -6 + 1 - m**2 - 2 - 70*m + 65*m. Calculate s(-6).
-13
Let z(x) = 2*x - 1. Suppose 0 = 2*t - 5*t + 495. Suppose 8*u = 3*u + l - t, -3*u - 122 = 4*l. Let q(c) = 12*c - 5. Let o(w) = u*z(w) + 6*q(w). What is o(-3)?
-8
Let u(k) = 3*k**2 - 2*k - 1. Let r = 4 - 0. Let j(f) = -4*f**2 + f + 1. Let x(p) = r*j(p) + 5*u(p). Suppose 15 + 5 = -4*z. Determine x(z).
4
Suppose -n = n + 6, -8 = t + 4*n. Suppose 2*r - 10 = t*j, 2*r - 7*j - 12 = -2*j. Let v(u) = -4*u**3. Determine v(r).
-4
Suppose 0 - 8 = -5*q - p, 5*p - 15 = 0. Let u(n) = 2*n**2 - 2*n + 1. What is u(q)?
1
Let q(t) = -2*t - 8. Suppose -5*m = 18 + 17. What is q(m)?
6
Let n(k) = k - 1. Suppose -2*b - 2*h + 74 = 3*b, -4*b + 52 = -2*h. Let i be 12/7 + 4/b. Calculate n(i).
1
Let l(j) = j**2 - 5*j + 11. Let o(t) = 2*t - 5. Let x(b) = -2*l(b) - 5*o(b). Let a(f) = -f**2 + 1. Let h(q) = -7*a(q) + 2*x(q). Give h(1).
2
Let m(j) be the third derivative of -11*j**7/5040 + j**6/720 + j**5/20 + j**2. Let f(x) be the third derivative of m(x). Let u = -17 - -18. Determine f(u).
-10
Let f(p) = 10*p - 1. Let y(g) = 21*g - 2. Let b(v) = -5*f(v) + 2*y(v). Calculate b(-2).
17
Let n = 11 - 6. Suppose -n*m = -m + 12. Let q = m - 0. Let l(b) = b**3 + 3*b**2 - 2*b - 4. Determine l(q).
2
Suppose 0 = -9*p + 4*p + 4*h + 10, -6 = -3*p + 3*h. Let d(s) be the second derivative of 1/20*s**5 + 0 + 0*s**4 - s - 1/3*s**3 + 3/2*s**2. Determine d(p).
7
Let h(k) = k**2 - k - 2. Suppose 5*g = g. Suppose g = -5*y + 8*y - 9. Determine h(y).
4
Let s(h) = -h**2 - 6*h - 2. Suppose -3*m + 0*b + 2*b = -28, m - b - 10 = 0. Let t be (-36)/m*(-8)/(-6). What is s(t)?
-2
Let f(h) = 15*h + 177. Let r(c) = -c - 11. Let t(j) = 2*f(j) + 33*r(j). Calculate t(-6).
9
Let b(q) = q**2 + 3*q + 1. Let t(w) = w**2 - 7*w + 8. Let o be t(7). Suppose 3*y + o = 5*y. Suppose 3*m - 1 = y*k + 6, -1 = k - m. Calculate b(k).
5
Let h(w) = 2*w + 2. Let p be ((-1)/(-2))/(4/(-80)*-5). What is h(p)?
6
Let m(b) = b**3 - 4*b**2 - b + 1. Let t(a) = a**3 + 4*a**2 - a - 8. Let l be t(-3). What is m(l)?
-3
Let l(w) = -w**2 + 5*w + 7. Let y = -3 - -9. Determine l(y).
1
Let h be (-5)/20 + (-34)/(-8). Let l(u) = u + 4 - 6 + 4 - h. What is l(-2)?
-4
Suppose 4*s = 4*h - 40, 2*h - 6 = -6*s + s. Let r(l) = -3 + l**2 - h*l + 0*l + 3*l. Determine r(4).
-7
Let g(x) = -3*x**3 - x**2 + x + 9. Let m = -10 + 5. Let s(q) = -q**3 + q + 4. Let r(b) = m*s(b) + 2*g(b). Give r(-2).
4
Suppose 2*w = -4*z - 6, 3*w = -3*z - 7 - 2. Suppose z = -4*r - r + 10. Let s(i) = i**2 - 1 - r - 1 + 2*i. What is s(-4)?
4
Let r(v) = -4 - 2*v - 3*v + 4*v. What is r(0)?
-4
Suppose -4*y = -3*y - 3. Let k = 3 + -1. Suppose 0 = k*f + 1 + y. Let l(c) = c**2 + 4*c - 1. Determine l(f).
-5
Let z be ((-3)/(-6))/((-1)/(-2)). Let d(q) = 3*q**2 - q + 1. Determine d(z).
3
Let x(m) = 7*m**2 - 14*m + 4. Let h(l) = 15*l**2 - 29*l + 7. Let z(a) = 2*h(a) - 5*x(a). Let s(n) = -2*n**2 + 4*n - 2. Let c(r) = -8*s(r) + 3*z(r). Give c(-4).
-2
Suppose -4*h = -1 + 5. Let z(v) = 4 - 9*v + v - 5 + 0. What is z(h)?
7
Let o(d) = 4*d + 5*d - 5*d + 3*d. Let c be (-1)/4 - (-2)/8. Let a be 3/12*(4 - c). What is o(a)?
7
Let t(r) = -12*r**3 + 7*r**2 + 5. Let f(v) = -6*v**3 + 4*v**2 + 3. Let o(x) = 7*f(x) - 4*t(x). Let a(h) = h - 9. Let c be a(8). What is o(c)?
-5
Suppose 3 = -3*i - 4*g + 4, 4*g = -4*i + 4. Let k(f) = f**2 - 4*f + 3. Determine k(i).
0
Let b(n) = 3 + n**2 - 10 - 9*n + n + 10. Calculate b(7).
-4
Let v(q) = -5*q + 3. Let o = -18 - -20. Give v(o).
-7
Let s(j) = 3 + 5 + 6 + j - 5. Let y = -23 - -23. Give s(y).
9
Let f(w) be the third derivative of -w**6/120 - 7*w**5/60 + w**4/24 + w**3/6 + 13*w**2. Determine f(-7).
-6
Let t(f) be the third derivative of -f**7/840 + f**6/90 - f**5/120 + f**4/12 - f**3/6 + 3*f**2. Let j(g) be the first derivative of t(g). What is j(4)?
-2
Let q be (-14)/(-4) - 2*(-1)/(-4). Let y(g) be the first derivative of -1/3*g**3 + q + 5/2*g**2 + 2*g. Give y(4).
6
Let t(c) = -4*c - 13. Let y(k) = -k - 3. Let a(q) = 4*t(q) - 18*y(q). Suppose -2*w = -0*w + 4. Determine a(w).
-2
Let a = 3 - 0. Let g(t) = -t - 1. Let d(o) = 0*o + 5 + 2*o - 4*o. Let k(m) = -d(m) - g(m). What is k(a)?
5
Suppose -2*k = 5*n - 8 + 2, 3*n + 38 = 4*k. Let m(a) = -3*a**3 - 2 + 2*a**2 - k*a + 3*a**3 + a**3 + 7*a. Let o = 2 + -4. Determine m(o).
0
Let z(b) = b**2 + b + 1. Let v be z(-2). Suppose 2*t - 4 = 0, -5*j + t = -v - 0. Suppose -j = a - 2. Let u(o) = 5*o**2 - 2*o + 1. Determine u(a).
4
Let f(n) = -58 + 58 - 5*n + 4*n. Suppose 4*t - 24 = 4*o - 8, -1 = 4*o - t. Let u be 1*((-4)/o - -1). Give f(u).
3
Let c(x) = x**3 - 4*x**2 - 5. Suppose 3*s = 7*s - 16. What is c(s)?
-5
Let o(i) = i**3 - 16*i**2 + 16*i - 14. Suppose 3*y - 45 = -5*j + j, 0 = -4*j. Determine o(y).
1
Let r(j) = -j - 1. Let w(u) = u**2 + 9*u - 3. Let x be (-3)/((3 + 0)/3). Let m(a) = x*r(a) - w(a). What is m(-6)?
6
Let w(s) = 5*s + 3 - 3*s**2 + 5*s**2 + 4*s**2 - 3*s**2. Calculate w(-3).
15
Suppose -10*y = -7*y + 3. Let o be y + -2 + (-1)/(-1). Let v(a) = -3*a + 1. Give v(o).
7
Let j(x) = 27*x**3 + 2*x**2 - 7*x - 2. Let y(a) = -13*a**3 - a**2 + 3*a + 1. Let f(q) = 4*j(q) + 9*y(q). Suppose 3*o = -4*h - 8, h + 3 = -o - 0*o. What is f(h)?
-10
Let n = 0 + 8. Let x(y) = -n*y - 7 + 8 - y. Determine x(-1).
10
Let x(t) be the first derivative of -t**3/3 - 4*t**2 - t + 15. Calculate x(-6).
11
Let f(t) = -5*t. Let q(j) = -1 + 0*j - 9*j + 0*j. Let r(p) = -7*f(p) + 4*q(p). Calculate r(0).
-4
Let k(w) = -3*w - 3*w**2 + 6 - 4 + w**3 + 2 - w. Calculate k(3).
-8
Let a = 4 - 4. Let p(t) = 13*t**2 + t + 4 - 5*t**2 - 7*t**2. Calculate p(a).
4
Let d(t) be the second derivative of -t**5/20 - t**3/3 + t**2/2 - t. Let s(m) = -m + 1. Let b be s(3). Let w = b - -3. What is d(w)?
-2
Let s(g) = -6 + 2 + g - 8 + 0. Let i be s(6). Let u(w) = w + 8. Give u(i).
2
Suppose 4*n - 1 = 3*n. Suppose y - n = -3*u + 4, -u - 4*y - 13 = 0. Let g(s) = -2 - 50*s**2 + 6 + 46*s**2 + s**3 - s. Calculate g(u).
-8
Let j(t) = 6*t - 5*t + 0*t - 3*t + 11. Give j(8).
-5
Let n(p) = p + 1. Let g(h) = -h**2 + 6*h - 12. Let l(c) = -g(c) - 3*n(c). Give l(7).
-5
Let f(m) = -m**2 + 5*m + 3. Let i be f(6). Let h(k) = 3*k + 0*k - 2 + k**2 - 1 + 5. Give h(i).
2
Suppose 0 = s - 5*m + 9, -3*s = -m - 11 - 4. Let w(q) = 4*q - s - 4 + 4. Calculate w(4).
10
Let x = 6 + 2. Let q(v) = v - 11. Determine q(x).
-3
Let f be 12*(27/6 + (-12)/3). Let q(y) = y**2 - 4*y - 6. Give q(f).
6
Let r(k) = -k**3 + 12*k**2 - k - 10. Let a be r(12). Let l = 20 + a. Let s(v) = -3*v + 1. What is s(l)?
7
Suppose -2*b - 2*c = -b, 10 = 5*b + 5*c. Let l(q) = -4*q - 3*q**3 - q - 3*q**2 + 4*q**3 + 4. Calculate l(b).
0
Let u(i) = -30 + 7*i - 31 - i**2 + 69. Determine u(7).
8
Let p(g) = g - 4. Let x be p(8). Suppose -a = x*a. Let z(h) = -h**2 - h. Give z(a).
0
Let s(u) = u - 4. Suppose -5*i + 16 = -14. Let f be s(i). Suppose -5*j + 18 = -5*v + 53, -f*v = -4. Let h(g) = g**2 + 4*g - 4. Give h(j).
1
Let g(j) be the first derivative of -j**3/3 - 3*j**2 - j 